ve g(-2).
29
Let d = 79 - 79. Let n(b) = -2*b - 46*b**2 - 3 + 10 + 47*b**2 + b. Calculate n(d).
7
Suppose 4*w = 5*i - 56 - 24, 4*w = -i + 16. Let p(q) = q**2 - 16*q + 3. Give p(i).
3
Let x(a) = 3*a - 2. Let c(d) = d - 1. Let k(r) = -5*c(r) + 2*x(r). Let l(g) = -5*g**2 - 3 - 3*g + 28*g + 4*g**2 - 12*g. Let h(j) = -4*k(j) + l(j). Give h(7).
7
Let u(n) = -9*n - 83. Let m be u(-8). Let y(x) = -10*x**3 - 11*x - 4 + 3 - 12*x**2 + 9*x**3. What is y(m)?
-1
Let s be 2 - ((-212)/5 + (-6)/(-15)). Let d(r) = -35*r - 40*r + 120*r + 8 - s*r. Give d(0).
8
Let g(t) = -t**3 - 12*t**2 + 69*t + 2*t**2 - 3 - 4*t**2 + 9 - 54*t. What is g(-15)?
6
Let q = -3 + 6. Let p = -2 + 5. Let h(o) = 3*o - 2*o + 3*o - p*o. Calculate h(q).
3
Let u(z) = -37*z**3 + 3*z - 6*z**2 + 6 + z + 36*z**3 + z. Calculate u(-6).
-24
Let u(d) be the first derivative of -10*d**2 + 19 - 38 + 21. Determine u(-1).
20
Let k(x) be the second derivative of 1/12*x**4 + 3/2*x**2 + 8*x + 0 + 1/3*x**3. Give k(-3).
6
Let o(a) be the first derivative of -1/60*a**6 - 1/12*a**4 + 0*a + 8 - 1/2*a**2 + 1/6*a**3 + 1/30*a**5. Let d(l) be the second derivative of o(l). What is d(1)?
-1
Let j(a) = 2*a**2 + 0 - 4 + 4*a - a**2. Let s(g) = -g**3 + 10*g**2 + g - 14. Suppose 3*m + 36 = 3*v, 44 = 4*v + 2*m - 4*m. Let h be s(v). Determine j(h).
-4
Let v = 13 - 12. Suppose 5*p - v = d + 8, 0 = 2*p + d - 5. Let z(i) = i**2. Let b(s) = 5*s**2 + 2*s - 1. Let q(y) = p*z(y) - b(y). Determine q(1).
-4
Let j(u) be the second derivative of u + 1/24*u**4 + 7/6*u**3 + 0*u**2 - 1/30*u**5 + 0. Let o(c) be the second derivative of j(c). Give o(2).
-7
Suppose 0 = -0*y - y + 4*x - 13, -5*y + 3*x - 31 = 0. Suppose m = -3*m + 52. Let v(s) = 3*s + 6*s**2 + 2*s - m*s**2 + 8*s**2 - 3. Determine v(y).
-3
Let q(u) = 2*u - 5. Let d(j) = -j + 1. Let k(n) = 3*d(n) + q(n). Let s(v) = 2*v**2 + 6*v - 7. Let c be s(-4). Let p be c/4 - 25/4. What is k(p)?
4
Let b(u) = -u**3 + u**2. Let x be -4 + 4 + -2 - -3. Give b(x).
0
Suppose -3*z - 13 = 28*h - 27*h, 21 = -5*z - 2*h. Let q(a) = 2*a**3 + 10*a**2 + 3*a + 3. What is q(z)?
-12
Let a(g) = 13*g + 88. Let c be a(-7). Let h(f) = 4*f + 2. Give h(c).
-10
Let d = 9 - 4. Let i be (-2)/d - (-32)/(-20). Let c(h) = -9*h**2 - 4*h + 4. Let q(y) = 4*y**2 + 2*y - 1. Let j(g) = -2*c(g) - 5*q(g). Give j(i).
-7
Let w = -1462 + 1488. Let c(b) = 3*b - 77. Calculate c(w).
1
Let t(l) = -3*l**2 - 4*l - 5. Let a(o) be the third derivative of -o**5/12 - 3*o**4/8 - 11*o**3/6 + 10*o**2. Let z(p) = 4*a(p) - 7*t(p). What is z(7)?
-16
Let f be 10*(2 - 2 - (-8)/16). Suppose -4*d + 7 = t + 2*t, -5*d + 15 = f*t. Let b(v) = -3*v**2 - 4*v - 3. What is b(d)?
-7
Let v(c) = -17*c**3 + 2*c**2 - 1. Let g(m) be the first derivative of -m**3/3 - 11*m**2/2 - 31*m - 38. Let l be g(-6). Determine v(l).
18
Let n(p) = 7*p**3 - 2*p**2 + 2*p - 1. Suppose 4*l - 9*l + 5 = 0. Determine n(l).
6
Suppose 36 = -5*x + 7*x. Suppose 0 = 3*i - 3*a - x, -4*i - 4*a = -17 - 7. Let s(f) = 5*f**3 + 0 + 4 - 6*f + 1 - 5*f**2 - 4*f**3. What is s(i)?
5
Let w(s) be the third derivative of 5*s**4/24 + 7*s**3/6 + 411*s**2. Determine w(-3).
-8
Let y(w) be the third derivative of -w**5/60 - w**4/4 - w**3 + w**2. Suppose 9*m - 81 = 18. Let l = m - 15. Give y(l).
2
Let n(t) = -7*t**3 + t**2 - t. Suppose 2*j = -1 - 3. Let x = j + 4. Suppose d = -d + x. What is n(d)?
-7
Let h(n) be the second derivative of n**4/12 - n**3/6 + 123*n. Calculate h(3).
6
Let y(o) be the third derivative of -5/3*o**3 + 1/120*o**6 + 1/24*o**4 + 0*o + 0 - 10*o**2 - 1/60*o**5. Let x = 4 + -4. Determine y(x).
-10
Let u(n) be the second derivative of n**5/20 - n**4/4 - n**3/3 - 3*n**2/2 - 129*n. Determine u(4).
5
Let f(p) = p + 13. Suppose -38 = 16*v + 74. Calculate f(v).
6
Let f(a) = a**3 - 2*a**2 - 5*a - 3. Let y be f(5). Let h = 39 - y. Let w(z) = -2*z - 5. Calculate w(h).
11
Let h = 28 + -14. Suppose 6 = h*d - 11*d. Let p(s) = 0*s**3 - 3*s + 4*s**d - s - 2*s + s**3 - 2. Give p(-5).
3
Let v = -27 - -29. Let m be v*(-3 - (-10)/5). Let y(s) = -7*s - 1. Give y(m).
13
Suppose -f - 2*a = -6*f - 12, 3*a + 12 = 0. Let p(r) = -6*r. What is p(f)?
24
Let o(s) = -7*s**3 - 5*s**2 + 2*s + 1. Let v(c) = -3*c**3 - 2*c**2 + c. Let l(j) = 2*j**2 + 2*j + 2. Let z be l(0). Let m(a) = z*o(a) - 5*v(a). Give m(-2).
-4
Let i(w) be the second derivative of 10*w - 1/2*w**3 + 0 - 3/2*w**2. Give i(-2).
3
Let k(p) = -p + 1. Suppose u - 4*b = 12, 6 = -2*u + b - 3*b. Suppose u*v = -4*v. Suppose v = j - 3*j + 3*x, 5*x = 5*j. Give k(j).
1
Suppose 2*b - 8 = 0, w + 4*b - 24 = 2. Let i(h) = h**2 - 12*h + 14. Give i(w).
-6
Let f be 3/9*(1 - 1). Suppose t + 0*t = f. Suppose 0 = -t*z + 2*z + 2*w + 6, -w - 4 = 0. Let d(u) = -u**2. Calculate d(z).
-1
Let x(b) be the third derivative of -b**8/6720 + b**7/504 - b**6/360 + b**4/2 - 11*b**2. Let u(p) be the second derivative of x(p). Calculate u(5).
-10
Suppose -3*q + q = i - 6, 18 = 3*i - 4*q. Let b(h) = 1 + 7*h + 2*h - i*h + 4*h. Determine b(1).
8
Let h(j) = -j - 1 + 2*j - 4*j**3 + 0*j + 0. Let x(r) = 11*r**3 - 3*r + 4. Let i(f) = -7*h(f) - 2*x(f). Suppose -2*k = 4*d - 3*k, -d + 11 = -3*k. Determine i(d).
-6
Let r(d) = 3 + 0 - 2 - 7*d. Suppose -2*k - 5*q = 131, -5*q - 47 = 3*k + 157. Let i = -74 - k. Determine r(i).
8
Let p(c) = 11*c - 8. Let u(o) = -9*o + 6. Let g(x) = 4*p(x) + 5*u(x). Let l(i) = -i - 1. Let h be ((-16)/(-4))/(2/(-3)). Let w be l(h). Give g(w).
-7
Let l(c) = -c - 20. Let o(a) = -2*a**2 + 16*a - 30. Let w be o(7). What is l(w)?
-4
Suppose -d - 2*b - 6 = -0*d, 3*b + 12 = 0. Let c(y) = 3*y + 1. Let z be c(7). Let g(r) = z*r**d - 13*r**2 - 10*r**2 - 4 - 7*r. Calculate g(-6).
2
Let d(x) = -x + 1. Suppose -3*w + w = 3*g - 3, -2*g = 2*w + 2. Calculate d(w).
7
Suppose -6*n = -4*n - 44. Let u = -12 + n. Let b = u - 7. Let v(z) = 2*z + 2. Determine v(b).
8
Let h(v) = 250*v - 130*v + 9 - 118*v. Determine h(-7).
-5
Let s(l) = 8*l + 12 + 30*l**2 - 7*l + 11 - 24. What is s(1)?
30
Let h = -9 - -13. Let q(t) be the second derivative of t**4/6 + t**3/3 - 4*t**2 - 2*t. Let c(w) = -3*w**2 - 3*w + 8. Let i(o) = h*q(o) + 3*c(o). What is i(0)?
-8
Let k be (-1 + 4)/((-13)/(25 + -12)) + 2. Let n(c) = 4 + c**2 - 4 + 19*c**3. Give n(k).
-18
Let q(t) = -t**3 - 8*t**2 - 9*t - 9. Let o = 25 - 24. Suppose -2 - o = -m. Suppose m*s + 4*s = -49. Give q(s).
5
Let g(n) = 2*n**3 + 7*n**2 + 5*n - 1. Let b(c) = -4*c - 17. Let l be b(-4). Let z(j) = -j**3 - j**2 - j - 1. Let r(a) = l*z(a) - g(a). What is r(-5)?
-3
Let b(q) be the third derivative of q**6/120 + 11*q**5/30 - 11*q**4/12 + 8*q**3/3 - 418*q**2 + 1. Calculate b(-23).
-7
Let b(t) = -10*t. Let o(w) be the first derivative of -w**4/12 + w**3/2 + w**2 - 6. Let h(a) be the second derivative of o(a). Let c be h(2). Give b(c).
10
Let n(j) = -7*j. Let r(w) = -5*w - 41. Let k be r(-9). Let h be 27/12 + (-1)/k. Determine n(h).
-14
Suppose 7 = -3*d + 3*u - 14, 4*d = 3*u - 23. Let s(q) be the first derivative of -6 - q**2 + 0*q - 1/3*q**3. Give s(d).
0
Let w(g) be the second derivative of -g**4/12 - 2*g**3/3 - 3*g**2/2 - g. Let k(r) = r**3 + 9*r**2 + 6*r + 25. Let l be k(-5). Let x = -99 + l. Calculate w(x).
-3
Let b(o) be the second derivative of o**3/6 + 9*o**2/2 + 3*o. Let g be (3 - 1)/(10/(-25)). Calculate b(g).
4
Let m(y) = y + 10. Suppose -2*u - 3*s = -9, 19*u + 3*s = 23*u + 27. Give m(u).
7
Let x(u) = u - 7. Let h = -50 - -36. Let q = h + 17. Let k be -2 + 2 + 4 + q. Give x(k).
0
Suppose 4*b + 7 = 3. Let c(x) = -5*x**2 - x - 1. Let a(r) = -r**2 + 2*r + 1 + 5*r**2 - r. Let k(z) = -6*a(z) - 5*c(z). What is k(b)?
1
Let t(f) = 22*f - 11. Let i(o) = -o**3 + 9*o**2 - 18*o + 1. Let g be i(6). Give t(g).
11
Let i(o) = o + 10. Suppose 7*a = 5*a. Suppose a = -m - 19 + 13. What is i(m)?
4
Let j = -31 - -49. Suppose -w + 7 = c, -2*c = w + 3*w - j. Let d(l) = -l**2 + 4*l + 7. Determine d(c).
2
Let i(q) = q**3 - 8*q**2 + 11*q - 34. Let k be i(7). Let x(l) = -l - 7. Give x(k).
-1
Suppose 0 = 4*a - 14*r + 16*r - 8, -4*a = -2*r + 8. Let b(n) = -n**2 - n - 9. What is b(a)?
-9
Let o(m) = -1 + 2*m - 9*m + 17*m**2 - 18*m**2 - 2. What is o(-6)?
3
Let i = 253 - 251. Let q(k) = -3*k. Determine q(i).
-6
Suppose -10*s - 99 = -21*s. Let g(u) = u - 4. Determine g(s).
5
Suppose -5*z + 3 + 7 = 4*j, 5*z - 2*j + 20 = 0. Let v be (9/z)/(-5 + 46/8). Let t(q) = q**3 + 7*q**2 + 3*q - 5. W